{"id":619,"date":"2015-11-02T21:09:04","date_gmt":"2015-11-02T20:09:04","guid":{"rendered":"https:\/\/www.bdpsencik.cz\/?page_id=619"},"modified":"2023-06-15T09:19:37","modified_gmt":"2023-06-15T07:19:37","slug":"kontrolni-komise","status":"publish","type":"page","link":"https:\/\/www.bdpsencik.cz\/?page_id=619","title":{"rendered":"Kontroln\u00ed komise"},"content":{"rendered":"<h2>Slo\u017een\u00ed kontroln\u00ed komise<\/h2>\n<ul>\n<li>Bc. Petra Novotn\u00e1 &#8211; p\u0159edsedkyn\u011b kontroln\u00ed komise<\/li>\n<li>Petr Makovi\u010dka<\/li>\n<li>PaeDr. Lidmila Smejkalov\u00e1<\/li>\n<\/ul>\n<p>Funk\u010dn\u00ed obdob\u00ed kontroln\u00ed komise trv\u00e1 do 7. 6. 2026.<\/p>\n<h2>Zpr\u00e1vy a z\u00e1pisy ze sch\u016fz\u00ed kontroln\u00ed komise<\/h2>\n<ul>\n<li><a href=\"https:\/\/www.bdpsencik.cz\/wp-content\/uploads\/CS-10-20230607-Zprava-kontrolni-komise.pdf\" target=\"_blank\" rel=\"noopener\">Zpr\u00e1va z 6. 6. 2023<\/a><\/li>\n<li><a href=\"https:\/\/www.bdpsencik.cz\/wp-content\/uploads\/CS-9-Zprava-kontrolni-komise.pdf\" target=\"_blank\" rel=\"noopener\">Zpr\u00e1va z 14. 6. 2022<\/a><\/li>\n<li><a href=\"https:\/\/www.bdpsencik.cz\/wp-content\/uploads\/KK-20200106-Zpr\u00e1va-kontroln\u00ed-komise-A10-2030.pdf\">Zpr\u00e1va z 6. 1. 2020<\/a><\/li>\n<li><a href=\"https:\/\/www.bdpsencik.cz\/wp-content\/uploads\/KK-20180913-Zpr\u00e1va-kontroln\u00ed-komise.pdf\">Zpr\u00e1va z 13. 9. 2018<\/a><\/li>\n<li><a href=\"https:\/\/www.bdpsencik.cz\/wp-content\/uploads\/KK-20170619-Zpr\u00e1va-kontroln\u00ed-komise-A10-2028.pdf\">Zpr\u00e1va z 19. 6. 2017<\/a><\/li>\n<li><a href=\"https:\/\/www.bdpsencik.cz\/wp-content\/uploads\/KK-20160615-Zpr\u00e1va-kontroln\u00ed-komise-A10-2027.pdf\">Zpr\u00e1va z 15. 6. 2016<\/a><\/li>\n<li><a href=\"https:\/\/www.bdpsencik.cz\/wp-content\/uploads\/KK-20150924-Z\u00e1pis-ze-sch\u016fze-kontroln\u00ed-komise.pdf\">Z\u00e1pis z 24. 9. 2015<\/a><\/li>\n<li><a href=\"https:\/\/www.bdpsencik.cz\/wp-content\/uploads\/KK-20150105-Zprava-kontrolni-komise.pdf\">Zpr\u00e1va z 5. 1. 2015<\/a><\/li>\n<li><a href=\"https:\/\/www.bdpsencik.cz\/wp-content\/uploads\/KK-20150105-Zprava-kontrolni-komise.pdf\">Zpr\u00e1va z 10. 6. 2014<\/a><\/li>\n<\/ul>\n","protected":false},"excerpt":{"rendered":"<p>Slo\u017een\u00ed kontroln\u00ed komise <\/p>\n<li>Bc. Petra Novotn\u00e1 &#8211; p\u0159edsedkyn\u011b kontroln\u00ed komise<\/li>\n<li>Petr Makovi\u010dka<\/li>\n<li>PaeDr. Lidmila Smejkalov\u00e1<\/li>\n<p>Funk\u010dn\u00ed obdob\u00ed kontroln\u00ed komise trv\u00e1 do 7. 6. 2026.<\/p>\n<p> Zpr\u00e1vy a z\u00e1pisy ze sch\u016fz\u00ed kontroln\u00ed komise <\/p>\n<li><a href=\"https:\/\/www.bdpsencik.cz\/wp-content\/uploads\/CS-10-20230607-Zprava-kontrolni-komise.pdf\" target=\"_blank\" rel=\"noopener\">Zpr\u00e1va z 6. 6. 2023<\/a><\/li>\n<li><a href=\"https:\/\/www.bdpsencik.cz\/wp-content\/uploads\/CS-9-Zprava-kontrolni-komise.pdf\" target=\"_blank\" rel=\"noopener\">Zpr\u00e1va z 14. 6. 2022<\/a><\/li>\n<li><a href=\"https:\/\/www.bdpsencik.cz\/wp-content\/uploads\/KK-20200106-Zpr\u00e1va-kontroln\u00ed-komise-A10-2030.pdf\">Zpr\u00e1va z 6. 1. 2020<\/a><\/li>\n<li><a href=\"https:\/\/www.bdpsencik.cz\/wp-content\/uploads\/KK-20180913-Zpr\u00e1va-kontroln\u00ed-komise.pdf\">Zpr\u00e1va <a href=\"https:\/\/www.bdpsencik.cz\/?page_id=619\">[v\u00edce &#8230;]<\/a><br \/>\n","protected":false},"author":2,"featured_media":177,"parent":0,"menu_order":0,"comment_status":"closed","ping_status":"open","template":"","meta":{"footnotes":""},"class_list":["post-619","page","type-page","status-publish","has-post-thumbnail","hentry","odd"],"_links":{"self":[{"href":"https:\/\/www.bdpsencik.cz\/index.php?rest_route=\/wp\/v2\/pages\/619","targetHints":{"allow":["GET"]}}],"collection":[{"href":"https:\/\/www.bdpsencik.cz\/index.php?rest_route=\/wp\/v2\/pages"}],"about":[{"href":"https:\/\/www.bdpsencik.cz\/index.php?rest_route=\/wp\/v2\/types\/page"}],"author":[{"embeddable":true,"href":"https:\/\/www.bdpsencik.cz\/index.php?rest_route=\/wp\/v2\/users\/2"}],"replies":[{"embeddable":true,"href":"https:\/\/www.bdpsencik.cz\/index.php?rest_route=%2Fwp%2Fv2%2Fcomments&post=619"}],"version-history":[{"count":6,"href":"https:\/\/www.bdpsencik.cz\/index.php?rest_route=\/wp\/v2\/pages\/619\/revisions"}],"predecessor-version":[{"id":1028,"href":"https:\/\/www.bdpsencik.cz\/index.php?rest_route=\/wp\/v2\/pages\/619\/revisions\/1028"}],"wp:featuredmedia":[{"embeddable":true,"href":"https:\/\/www.bdpsencik.cz\/index.php?rest_route=\/wp\/v2\/media\/177"}],"wp:attachment":[{"href":"https:\/\/www.bdpsencik.cz\/index.php?rest_route=%2Fwp%2Fv2%2Fmedia&parent=619"}],"curies":[{"name":"wp","href":"https:\/\/api.w.org\/{rel}","templated":true}]}}